 p**3 - p**2 + 0 + 1/24*p**4. Let c(w) = w**3 - 4*w**2 + 3*w. Let g be c(1). Determine n(g).
6
Let j(u) = -u**2 - 6*u + 9. Let s(q) = q**2 + 27*q - 36. Suppose -4*c + 156 = -5*o, 5*c + 13 = -2*o - 23. Let m be s(o). What is j(m)?
-7
Suppose 5*p + 2*w - 6*w = 0, 0 = -p - w - 9. Let d(x) = x**3 - 5*x**2 + 6*x + 1. Let u(v) = v**3 - v**2 + v. Let i(o) = d(o) - 2*u(o). Give i(p).
1
Let l(f) be the third derivative of -f**5/60 - f**4/12 + 2*f**3/3 + f**2. Let g = 33 - 39. Let o be (g/(-10))/((-2)/(-20)*-2). Determine l(o).
1
Let y(a) = -a + 1. Let t be y(1). Suppose 3*n = 4*p + p + 1, -n - 5*p + 7 = 0. Let x(f) = 8*f**2 - 3 - 6 - 9*f**2 - n*f + f. Calculate x(t).
-9
Suppose 5*c - u + 15 = 4*u, -3*c - 15 = -5*u. Suppose c = 16*m - 4*m + 72. Let l(a) = a + 6. Calculate l(m).
0
Let v(s) = s**3 - 3*s**2 - 2*s - 3. Suppose -a - 16 = -4*u, 2*a = 2*u + a - 10. Suppose 0 = -3*w + 9 + u. Determine v(w).
5
Let b = 0 - 1. Let m(w) = 0*w + 5*w - 5*w - 4*w - 7*w. Give m(b).
11
Let c = -100 + 96. Let d be (-6)/c*(-50)/75. Let m(s) = 17*s**3 + s**2 - s - 1. Determine m(d).
-16
Let i be -2 - 9/((-54)/(-24)). Let p(m) = m**2 + 5*m + 4. Give p(i).
10
Let q(s) = -6*s + 6*s**2 + 11*s - s - 5*s**2 - 5. What is q(-5)?
0
Let b(j) = -j**3 - 10*j**2 - 8*j + 11. Let s be b(-9). Let n(y) = 0 + 6 + y - s. Suppose -3*d - 1 = -8*v + 9*v, -3*d = -v - 7. Give n(v).
0
Suppose 0 = -4*v + 12, -4*v - v = -4*u + 9. Let o(q) = q - 18. Let j(k) = -4. Let p(i) = 9*j(i) - 2*o(i). Give p(u).
-12
Suppose 12 = 3*c - 6*c. Let k(m) be the third derivative of -m**5/60 - m**4/8 - m**3/6 - 886*m**2. Determine k(c).
-5
Let v(c) = -3 - 298*c**2 - c**3 + 147*c**2 - c + 147*c**2. Calculate v(-4).
1
Suppose -4*x - 18 = 5*j, -17*j + 12*j = -5*x. Let f(n) = 8*n - 3. Give f(x).
-19
Suppose 5*q - 80 - 70 = 0. Let f = 22 - q. Let p(l) = l**3 + 9*l**2 + 7*l - 6. Let i be p(f). Let u(c) = 2*c**3 - 3*c**2 + 3*c - 1. Give u(i).
9
Let x(t) = -21*t - 199. Let g(u) = -5*u - 48. Let n(j) = -9*g(j) + 2*x(j). What is n(-18)?
-20
Let k(z) = z**3 + 5*z**2 + 5. Suppose -5*o - 2*g + 18 = 0, -2*o + 3*o = 5*g - 18. Suppose o - 5 = -r, -3*l + 2*r = 15. Let u be 3 + (2 - 7) + l. Determine k(u).
5
Let d(t) = -t**2 + 1. Let h(i) = -4*i**2 - i + 11. Let j(r) = -3*d(r) + h(r). Let q = -1716 - -1716. Calculate j(q).
8
Let p be (7 + -6 - 14)*1. Let f(k) = k + 2. Determine f(p).
-11
Let y(s) = -11*s**3 - s. Let g be y(1). Let d(n) = -n**3 - 12*n**2 - n + 8. Determine d(g).
20
Let j = -21 - -54. Let i(l) = -l**3 + 34*l - j*l + 4 + l**2 + l**2. Let z = 9 - 6. Determine i(z).
-2
Let g(j) = 8*j + 1. Let r = 8 - 6. Let u be 0/((0 + 2)/r). Suppose u = -2*b + a - 2, -2*a = -2*b + 6*b - 12. Give g(b).
9
Let v(w) be the second derivative of w**3 + 5*w**2/2 + 7*w + 7. What is v(8)?
53
Suppose 3 = -n + 1, -5*n = q + 20. Let z(c) = 10 + 184*c + 146*c - 329*c. Determine z(q).
0
Let j(i) = 4*i**2 - 4*i - 11. Let r(w) = 5*w**2 - 3*w - 13. Let s(u) = 6*j(u) - 5*r(u). Give s(-7).
13
Let f(q) = -6*q + 7. Let b(w) = -4*w + 6. Let r(c) = -5*b(c) + 4*f(c). Suppose 6 = -4*p - 6. What is r(p)?
10
Let b(q) = -q**3 - 5*q**2 - 4*q + 5. Suppose 3*y + 4 + 26 = 0. Let z be (-6)/10 - (-34)/y. Give b(z).
5
Let k(x) = x**3 - 5*x**2 + 2*x - 3. Let d(v) = 3 - 9 - 4*v + 3*v. Let f be d(-11). Determine k(f).
7
Let w(c) be the first derivative of 4*c**3/3 - c + 31. Calculate w(-1).
3
Suppose 34 = 4*y - 2*g, 2*g = 2*y + 4 - 24. Let u(r) = r**3 - 6*r**2 - 8*r - 1. What is u(y)?
-8
Let z(m) = -2*m**2 + 2*m + 2. Let r = 9 - 6. Suppose r*g - 3*d - d = 3, 2*g = -3*d + 19. Suppose 5*h = -5*u - 8 + 38, -u = -g*h + 18. Determine z(u).
-2
Let h(u) = -u. Let t(f) = 8*f + 36. Let i be t(-5). Let w be i + -3 + 0 + 1. Calculate h(w).
6
Let z(v) = 6*v + 118 + 131 - 229. Determine z(-5).
-10
Let q(r) = 2*r**2 - 18*r + 21*r - r**2 - 6 - 10*r + 0*r**2. Give q(8).
2
Let w(j) = -4*j + 1. Let o(r) = 3*r + 33. Let p be o(-9). Calculate w(p).
-23
Let s(i) = -10*i + 44. Let f(j) = 11*j - 56. Let o(h) = 4*f(h) + 5*s(h). What is o(0)?
-4
Let j(p) = p**3 - 7*p**2 + 7*p - 7. Let k be 1*(0 + 10 + -5). Determine j(k).
-22
Let t(n) = 2*n**3 - 29*n**2 - 49*n - 20. Let q(m) = m**3 - 15*m**2 - 26*m - 10. Let k(j) = 7*q(j) - 4*t(j). Calculate k(12).
34
Let s(u) = -u**3 + 3*u**2 + u - 1. Let k = -1 + 6. Let x be 1/(45/21 + -2). Suppose k = 4*n - x. What is s(n)?
2
Let w be (-20)/(-8) + 10/4. Suppose 7*v - w*v + 8 = 0. Let r(t) = -t**3 - 5*t**2 - 4*t + 5. Give r(v).
5
Let x(y) be the first derivative of y**4 + y**2 - y - 1. Let f = -339 - -340. Let d be x(f). Let l(w) = w**3 - 4*w**2 - 4*w + 4. What is l(d)?
9
Suppose 4 - 14 = -2*u. Let g(b) = -b**3 + 4*b**2 - 2*b + 7. Give g(u).
-28
Suppose 4*k = k. Suppose -7 = -u - k. Let l(y) be the third derivative of y**6/120 - y**5/10 - 3*y**4/8 + 4*y**3/3 - 29*y**2. What is l(u)?
-6
Let v(t) = -4*t - 19. Let a(w) = -2*w - 9. Let h(f) = -9*a(f) + 4*v(f). What is h(4)?
13
Let t(l) = 1. Let y(z) = 1 - 20*z - 19*z + 1 + 40*z. Let w(s) = -2*t(s) + y(s). What is w(-9)?
-9
Suppose -7*a = -11*a - 32. Let c(d) be the third derivative of d**6/120 + 2*d**5/15 - d**4/24 - d**3/2 + 7*d**2. Give c(a).
5
Let x be ((-25)/20)/(13/(-104)). Let k(h) = -h + 2. Give k(x).
-8
Let s(k) = -k**2 + 4*k - 10. Let m be s(5). Let n = -11 - m. Suppose 26 = 5*t - n. Let z(j) = j - 9. Calculate z(t).
-3
Let l(p) = -16*p**2 + 9*p + 16. Let s(v) = 3*v**2 - 2*v - 3. Let a(r) = -2*l(r) - 11*s(r). Calculate a(7).
-20
Suppose 2*k + 2*q - 1 = -9, 5*k + 5 = -2*q. Let n(z) = -1 + 3*z + 18*z - 2*z + 0. Calculate n(k).
18
Let a(t) = t**2 + 5*t + 5. Let u be a(-5). Let j(x) be the first derivative of -x**3/3 + 7*x**2/2 + 4*x - 53. What is j(u)?
14
Let b(d) = -d**2 - 7*d + 3. Let n be b(-7). Let g(x) = 4 - 16 + x + 10 - x**2 + 5. Determine g(n).
-3
Let j(f) = f**3 + 5*f**2 - 3*f + 1. Let c(x) = x**2 - 2*x + 3. Let s be c(0). Suppose 3*y + 10 = -2*y - 4*q, s*q = -2*y + 3. Give j(y).
-17
Let v(f) = -f**2 - 65*f + 356. Let b be v(5). Let u(a) = -11*a + 6. What is u(b)?
-60
Let a(s) = s**3 - 8*s**2 + 10. Let p be 10/4*836/95. Suppose 5*j + p = 4*t, t - 6*t + 48 = 4*j. Determine a(t).
10
Let r(d) = -4*d + d**2 + 2*d**2 + 10*d + 5 + d**2 + d**2 + d**3. Calculate r(-3).
5
Let f(k) = 6*k - 1. Let h(v) = v. Let j(r) = -f(r) + 5*h(r). Let q be (-9)/((-3)/1) + 3. Suppose q*c + 6 = 9*c. Determine j(c).
-1
Let x(t) = -619 + 301 + 309 - t. Determine x(-8).
-1
Let t(q) be the second derivative of 0 - 1/2*q**2 - 1/3*q**3 + 30*q + 1/3*q**4. Let v be (0 - -2) + -2 + 2. Calculate t(v).
11
Let r(j) be the first derivative of j**4/4 - 7*j**3/3 + 2*j**2 + 3*j - 35. Determine r(6).
-9
Let d(l) = l**2 + 8*l + 1. Let a(z) = z**3 + 6*z**2 + 4*z - 10. Let w be a(-5). Let q be (6 - -1)*(w - -4). Determine d(q).
-6
Let i(o) be the third derivative of -o**8/20160 + o**7/630 - o**6/720 - o**5/20 - 16*o**2. Let t(w) be the third derivative of i(w). Give t(8).
-1
Let j(a) = a - 1. Let b = -20 + 21. Let p(x) = x**3 - 4*x**2 - 2*x - 4. Let t(d) = b*p(d) - 3*j(d). What is t(5)?
-1
Let h(z) = z**2 - 11*z - 50 + 18 + 19. What is h(11)?
-13
Suppose 8*t = 12*t - 56. Let o = 20 - t. Let g(a) = -a**2 + 7*a**2 + 6 + a**2 + a**3 + o*a. Calculate g(-6).
6
Let s(w) = -w**2 - 6*w - 1. Let t be (-5)/(-45)*-2 + (-56)/(-9). Suppose 2*f + 0*f + t = 0. Give s(f).
8
Let w(v) = -v**3 - 2*v**2 + v - 2. Let m be w(-3). Let q(a) = -5*a**3 - 4 + m*a**3 + 3 + 3*a**2. Determine q(2).
3
Let k(c) = 13 + 5*c + 0 - 2. What is k(-3)?
-4
Let l be (8/12)/2 + 5/3. Let s(w) = 6*w**2 - l*w**3 + 2*w**3 - 2*w**3 + 8 + 7*w + w**3. What is s(7)?
8
Let q(i) = -6*i + 1. Let a(x) = -11*x + 1. Let s(k) = 3*a(k) - 5*q(k). Suppose 0 = -y + 5*l - 12, 2*y = 3*y - 2*l + 6. Calculate s(y).
4
Let f(z) = z**2 - 5*z - 8. Let q be f(7). Let k(p) = -4*p + q*p - p + 1. Suppose 0 = -3*t + 2*g + 5, -5*t + 13 = -4*g + 4. Calculate k(t).
2
Let k be 1 + -2 + 8/2. Let y(p) = 10*p**3 - 2*p**2 + 16*p + 4. Let m(i) = -3*i**3 + i**2 - 5*i - 1. Let u(b) = 7*m(b) + 2*y(b). Calculate u(k).
-8
Let z(y) = -10*y**2 + 19*y + 25*y**2 - 8*y**2 + 1 - 3*y**2 - 11*y**2 - y**3. Give z(-9).
-8
Suppose 3*c + 30 = 8*c. Suppose -c = -t + 8. Let q(s) = -s**3 + 15*s**2 - 14*s + 3. Let r be q(t). Let v(i) = -i**3 + 2*i**2 - i + 4. Determine v(r).
-8
Let l(s) = -2 - 7*s**2 + 10*s + 12 - 14*s**2 + 22*s**2. Give l(-7).
-1